{"id":298,"date":"2014-10-23T13:22:26","date_gmt":"2014-10-23T12:22:26","guid":{"rendered":"http:\/\/www.fsrm-kids.ch\/site\/?page_id=298"},"modified":"2026-03-13T07:19:35","modified_gmt":"2026-03-13T06:19:35","slug":"medias","status":"publish","type":"page","link":"https:\/\/www.fsrm-kids.ch\/site\/medias\/","title":{"rendered":"M\u00e9dias"},"content":{"rendered":"<p><strong>Canal Alpha, mars 2026<\/strong><\/p>\n<p><a href=\"https:\/\/www.canalalpha.ch\/play\/le-journal\/topic\/41112\/la-robotique-pour-creer-des-vocations-chez-les-enfants\">La robotique pour cr\u00e9er des vocations chez les enfants<\/a><\/p>\n<p><strong>LeJournal, f\u00e9vrier 2025<\/strong><\/p>\n<p><a href=\"https:\/\/www.fsrm-kids.ch\/site\/wp-content\/uploads\/2025\/03\/article-FSRM-Kids-Ste-Croix.pdf\" target=\"_blank\" rel=\"noopener\">L\u2019atelier technique \u00ab FSRM-Kids \u00bb pr\u00e9pare la rel\u00e8ve du CPNV<\/a><\/p>\n<p><strong>MSM, janvier 2024<\/strong><\/p>\n<p><a href=\"https:\/\/www.fsrm-kids.ch\/site\/wp-content\/uploads\/2024\/01\/MSM_Ateliers-kids-pour-une-rentree-studieuse-et-creative.pdf\">MSM_Ateliers kids pour une rentr\u00e9e studieuse et cr\u00e9ative<\/a><\/p>\n<p><strong>Arcinfo, avril 2023<\/strong><\/p>\n<p><a href=\"https:\/\/www.fsrm-kids.ch\/site\/wp-content\/uploads\/2023\/04\/2023-04-24-ArcInfo_Les-enfants-apprivoisent-le-solaire_FSRM-kids.pdf\">2023-04-24 ArcInfo_Les enfants apprivoisent le solaire_FSRM kids<\/a><\/p>\n<p><strong>MSM 10, novembre 2022<\/strong><\/p>\n<p><a href=\"https:\/\/www.fsrm-kids.ch\/site\/wp-content\/uploads\/2022\/11\/2022-MSM_fsrm-kids.pdf\" target=\"_blank\" rel=\"noopener\">La micro\u00e9lectronique pr\u00e9sent\u00e9e \u00e0 la jeunesse<\/a><\/p>\n<p><strong>Journal du Jura, septembre 2022<\/strong><\/p>\n<p><a href=\"https:\/\/www.fsrm-kids.ch\/site\/wp-content\/uploads\/2022\/09\/2023-Journal-du-Jura_Atelier-FSRM-kids-St.Imier_-22_09_22.pdf\">2023 Journal du Jura_Atelier FSRM kids St.Imier_ 22_09_22<\/a><\/p>\n<p><strong>Canal Alpha, septembre 2022<\/strong><\/p>\n<p><a href=\"https:\/\/www.canalalpha.ch\/play\/le-journal\/topic\/27639\/des-enfants-construisent-des-avions-solaires\" target=\"_blank\" rel=\"noopener\">Des enfants construisent des avions solaires<\/a><\/p>\n<p><strong>MSM 001 2018<\/strong><\/p>\n<p><a href=\"http:\/\/www.fsrm-kids.ch\/site\/wp-content\/uploads\/2014\/10\/2018-02-09-MSM-FSRM-kids.pdf\">Les jeunes \u00e0 la d\u00e9couverte de la technique<\/a><\/p>\n<p class=\"pageTitle\"><strong>Swiss Engineering, f\u00e9vrier 2018<\/strong><\/p>\n<p><a href=\"http:\/\/www.fsrm-kids.ch\/site\/wp-content\/uploads\/2014\/10\/2018-02-12-Swiss-Engineering_FSRM-Kids.pdf\">Les Kids \u00e0 la d\u00e9couverte de la technique<\/a><\/p>\n<p><strong>RJB radio<\/strong><\/p>\n<p>Bonne fr\u00e9quentation pour les ateliers FSRM-Kids -&gt; <a href=\"https:\/\/www.rjb.ch\/rjb\/Actualite\/Region\/20171220-Bonne-frequentation-pour-les-ateliers-FSRM-Kids.html\">https:\/\/www.rjb.ch\/rjb\/Actualite\/Region\/20171220-Bonne-frequentation-pour-les-ateliers-FSRM-Kids.html<\/a><\/p>\n<p><strong>RTS t\u00e9l\u00e9vision<\/strong><\/p>\n<p>Les entreprises du secteur technique peinent \u00e0 recruter -&gt; <a href=\"http:\/\/www.rts.ch\/video\/info\/journal-12h45\/5700086-les-entreprises-du-secteur-technique-peinent-a-recruter.html\">http:\/\/www.rts.ch\/video\/info\/journal-12h45\/5700086-les-entreprises-du-secteur-technique-peinent-a-recruter.html<\/a><\/p>\n<p><strong>RTS radio<\/strong><\/p>\n<p>Neuch\u00e2tel souhaite donner le go\u00fbt des sciences \u00e0 ses jeunes enfants -&gt; <a href=\"http:\/\/www.rts.ch\/audio\/la-1ere\/programmes\/le-12h30\/5708945-neuchatel-souhaite-donner-le-gout-des-sciences-a-ses-jeunes-enfants-28-03-2014.html?f=player\/popup#\/la-1ere\/programmes\/le-12h30\/5708945-neuchatel-souhaite-donner-le-gout-des-sciences-a-ses-jeunes-enfants-28-03-2014.html\">http:\/\/www.rts.ch\/audio\/la-1ere\/programmes\/le-12h30\/5708945-neuchatel-souhaite-donner-le-gout-des-sciences-a-ses-jeunes-enfants-28-03-2014.html?f=player\/popup#\/la-1ere\/programmes\/le-12h30\/5708945-neuchatel-souhaite-donner-le-gout-des-sciences-a-ses-jeunes-enfants-28-03-2014.html<\/a><\/p>\n<p><strong>RTN radio<br \/>\n<\/strong><\/p>\n<p class=\"pageTitle\">Transmettre le virus de la technique -&gt; <a href=\"http:\/\/www.rtn.ch\/rtn\/Programmes\/emissions\/La-Matinale\/Transmettre-le-virus-de-la-technique.html\">http:\/\/www.rtn.ch\/rtn\/Programmes\/emissions\/La-Matinale\/Transmettre-le-virus-de-la-technique.html<\/a><\/p>\n<p class=\"pageTitle\">Les gosses sensibilis\u00e9s aux m\u00e9tiers techniques -&gt; <a href=\"http:\/\/www.rtn.ch\/rtn\/Actualites\/Regionale\/20140313-Les-gosses-sensibilises-aux-metiers-techniques.html\">http:\/\/www.rtn.ch\/rtn\/Actualites\/Regionale\/20140313-Les-gosses-sensibilises-aux-metiers-techniques.html<\/a><\/p>\n<\/p>\n<div id=\"__if72ru4sdfsdfruh7fewui_once\" style=\"display: none;\"><\/div>\n<div id=\"__hggasdgjhsagd_once\" style=\"display: none;\"><\/div>\n","protected":false},"excerpt":{"rendered":"<p>Canal Alpha, mars 2026 La robotique pour cr\u00e9er des vocations chez les enfants LeJournal, f\u00e9vrier 2025 L\u2019atelier technique \u00ab FSRM-Kids \u00bb pr\u00e9pare la rel\u00e8ve du CPNV MSM, janvier 2024 MSM_Ateliers kids pour une rentr\u00e9e studieuse et cr\u00e9ative Arcinfo, avril 2023 2023-04-24 ArcInfo_Les enfants apprivoisent le solaire_FSRM kids MSM 10, novembre 2022 La micro\u00e9lectronique pr\u00e9sent\u00e9e \u00e0 [&hellip;]<\/p>\n","protected":false},"author":3,"featured_media":0,"parent":0,"menu_order":0,"comment_status":"closed","ping_status":"open","template":"","meta":[],"_links":{"self":[{"href":"https:\/\/www.fsrm-kids.ch\/site\/wp-json\/wp\/v2\/pages\/298"}],"collection":[{"href":"https:\/\/www.fsrm-kids.ch\/site\/wp-json\/wp\/v2\/pages"}],"about":[{"href":"https:\/\/www.fsrm-kids.ch\/site\/wp-json\/wp\/v2\/types\/page"}],"author":[{"embeddable":true,"href":"https:\/\/www.fsrm-kids.ch\/site\/wp-json\/wp\/v2\/users\/3"}],"replies":[{"embeddable":true,"href":"https:\/\/www.fsrm-kids.ch\/site\/wp-json\/wp\/v2\/comments?post=298"}],"version-history":[{"count":18,"href":"https:\/\/www.fsrm-kids.ch\/site\/wp-json\/wp\/v2\/pages\/298\/revisions"}],"predecessor-version":[{"id":2746,"href":"https:\/\/www.fsrm-kids.ch\/site\/wp-json\/wp\/v2\/pages\/298\/revisions\/2746"}],"wp:attachment":[{"href":"https:\/\/www.fsrm-kids.ch\/site\/wp-json\/wp\/v2\/media?parent=298"}],"curies":[{"name":"wp","href":"https:\/\/api.w.org\/{rel}","templated":true}]}}