{"id":2358,"date":"2024-11-06T10:39:10","date_gmt":"2024-11-06T09:39:10","guid":{"rendered":"https:\/\/www.fsrm-kids.ch\/site\/?page_id=2358"},"modified":"2024-11-06T10:47:02","modified_gmt":"2024-11-06T09:47:02","slug":"newsletter","status":"publish","type":"page","link":"https:\/\/www.fsrm-kids.ch\/site\/newsletter\/","title":{"rendered":"Newsletter"},"content":{"rendered":"\n\n\n<form method=\"post\" action=\"https:\/\/newsletter.infomaniak.com\/v3\/api\/1\/newsletters\/webforms\/18923\/submit\" class=\"inf-form\"><input type=\"email\" name=\"email\" style=\"display:none\" \/><input type=\"hidden\" name=\"key\" value=\"eyJpdiI6ImtQa2R3RXpNZXYyRDI2WCtIcFU4WHJheGp4Z0pwWld1WHllbDFvZGdmNnM9IiwibWFjIjoiYjZlZDIzYjMxMTBhMTg1ZDc2ZmE1YjllNjZmY2Y1YTZmNjliMmU0YzRhOGM0MmQ4NWIxNTQ4ZWZlMWJlZjcxMCIsInZhbHVlIjoiMFdUZXJOaXV3QTNrN1VaR01lcUFQbDVoNWJUTTVzdEZ1c2dKTFJjZ1NMST0ifQ==\"><input type=\"hidden\" name=\"webform_id\" value=\"18923\"><style> .inf-main_d7ea7a7dde348753a17428282d46081e{ background-color:#f5f5f5; padding:25px 20px; margin:25px auto; } .inf-main_d7ea7a7dde348753a17428282d46081e .inf-content { margin-top:13px;} .inf-main_d7ea7a7dde348753a17428282d46081e h4, .inf-main_d7ea7a7dde348753a17428282d46081e span, .inf-main_d7ea7a7dde348753a17428282d46081e label, .inf-main_d7ea7a7dde348753a17428282d46081e input, .inf-main_d7ea7a7dde348753a17428282d46081e .inf-submit, .inf-main_d7ea7a7dde348753a17428282d46081e .inf-success p a { color:#555555; font-size:14px; } .inf-main_d7ea7a7dde348753a17428282d46081e h4{ font-size:18px; margin:0px 0px 13px 0px; } .inf-main_d7ea7a7dde348753a17428282d46081e h4, .inf-main_d7ea7a7dde348753a17428282d46081e label{ font-weight:bold; } .inf-main_d7ea7a7dde348753a17428282d46081e .inf-input { margin-bottom:7px; } .inf-main_d7ea7a7dde348753a17428282d46081e label { display:block;} .inf-main_d7ea7a7dde348753a17428282d46081e input{ height:35px; color:#999999; border: 1px solid #E9E9E9; border:none; padding-left:7px; } .inf-main_d7ea7a7dde348753a17428282d46081e .inf-input.inf-error label, .inf-main_d7ea7a7dde348753a17428282d46081e .inf-input.inf-error span.inf-message{ color: #cc0033; } .inf-main_d7ea7a7dde348753a17428282d46081e .inf-input.inf-error input{ border: 1px solid #cc0033; } .inf-main_d7ea7a7dde348753a17428282d46081e .inf-input input { width:100%;} .inf-main_d7ea7a7dde348753a17428282d46081e .inf-input.inf-error span.inf-message { display: block; } .inf-main_d7ea7a7dde348753a17428282d46081e .inf-submit { text-align:right;} .inf-main_d7ea7a7dde348753a17428282d46081e .inf-submit input{ background-color:#777777; color:#ffffff; border:none; font-weight: normal; height:auto; padding:7px; } .inf-main_d7ea7a7dde348753a17428282d46081e .inf-submit input.disabled{ opacity: 0.4; } .inf-btn { color: rgb(85, 85, 85); border: medium none; font-weight: normal; height: auto; padding: 7px; display: inline-block; background-color: white; box-shadow: 0px 1px 1px rgba(0, 0, 0, 0.24); border-radius: 2px; line-height: 1em; } .inf-rgpd { margin:25px 0px 15px 0px; color:#555555; } <\/style><div class=\"inf-main_d7ea7a7dde348753a17428282d46081e\"> <h4>S&#039;inscrire \u00e0 la newsletter<\/h4> <span><\/span> <div class=\"inf-success\" style=\"display:none\"> <h4>Votre inscription a \u00e9t\u00e9 effectu\u00e9e avec succ\u00e8s !<\/h4> <p> <a href=\"#\" class=\"inf-btn\">&laquo;<\/a> <\/p> <\/div> <div class=\"inf-content\"> <div class=\"inf-input inf-input-text\"> <input type=\"email\" name=\"inf[1]\" data-inf-meta=\"1\" data-inf-error=\"\" required=\"required\" placeholder=\"Email *\" > <\/div> <div class=\"inf-rgpd\">Votre adresse e-mail est uniquement utilis\u00e9e pour vous envoyer notre newsletter et des informations sur nos activit\u00e9s. Vous pouvez vous d\u00e9sinscrire \u00e0 tout moment en utilisant le lien de d\u00e9sinscription inclus dans chacun de nos e-mails.<\/div> <div style=\"\"> <label data-mcaptcha_url=\"https:\/\/captcha.infomaniak.com\/widget\/?sitekey=wKJaAigS1e48fWgqtjvg5w7rKA6QIwmy\" for=\"mcaptcha__token\" id=\"mcaptcha__token-label\"> <input type=\"text\" name=\"mcaptcha__token\" id=\"mcaptcha__token\" \/> <\/label> <div id=\"mcaptcha__widget-container\"><\/div> <script src=\"https:\/\/unpkg.com\/@mcaptcha\/vanilla-glue@0.1.0-rc2\/dist\/index.js\"><\/script> <\/div> <div class=\"inf-submit\"> <input type=\"submit\" style=\"margin-top: 25px;\" name=\"\" value=\"Confirmer\"> <\/div> <\/div> <\/div> <\/form>\n","protected":false},"excerpt":{"rendered":"<p>S&#039;inscrire \u00e0 la newsletter Votre inscription a \u00e9t\u00e9 effectu\u00e9e avec succ\u00e8s ! &laquo; Votre adresse e-mail est uniquement utilis\u00e9e pour vous envoyer notre newsletter et des informations sur nos activit\u00e9s. Vous pouvez vous d\u00e9sinscrire \u00e0 tout moment en utilisant le lien de d\u00e9sinscription inclus dans chacun de nos e-mails.<\/p>\n","protected":false},"author":5,"featured_media":0,"parent":0,"menu_order":0,"comment_status":"closed","ping_status":"closed","template":"","meta":[],"_links":{"self":[{"href":"https:\/\/www.fsrm-kids.ch\/site\/wp-json\/wp\/v2\/pages\/2358"}],"collection":[{"href":"https:\/\/www.fsrm-kids.ch\/site\/wp-json\/wp\/v2\/pages"}],"about":[{"href":"https:\/\/www.fsrm-kids.ch\/site\/wp-json\/wp\/v2\/types\/page"}],"author":[{"embeddable":true,"href":"https:\/\/www.fsrm-kids.ch\/site\/wp-json\/wp\/v2\/users\/5"}],"replies":[{"embeddable":true,"href":"https:\/\/www.fsrm-kids.ch\/site\/wp-json\/wp\/v2\/comments?post=2358"}],"version-history":[{"count":3,"href":"https:\/\/www.fsrm-kids.ch\/site\/wp-json\/wp\/v2\/pages\/2358\/revisions"}],"predecessor-version":[{"id":2363,"href":"https:\/\/www.fsrm-kids.ch\/site\/wp-json\/wp\/v2\/pages\/2358\/revisions\/2363"}],"wp:attachment":[{"href":"https:\/\/www.fsrm-kids.ch\/site\/wp-json\/wp\/v2\/media?parent=2358"}],"curies":[{"name":"wp","href":"https:\/\/api.w.org\/{rel}","templated":true}]}}